se
Is 85001 a composite number?
True
Is 37441 composite?
False
Is 27581 prime?
True
Is 232333 a composite number?
False
Is 4358 composite?
True
Is 8059 a composite number?
False
Is 628193 a prime number?
True
Is 151273 a composite number?
False
Is 402677 prime?
False
Is 64895 composite?
True
Is 1165 a prime number?
False
Is 66527 prime?
False
Is 185489 prime?
False
Is 7321 composite?
False
Is 3611 a prime number?
False
Is 79273 prime?
True
Is 28043 composite?
True
Is 395 a prime number?
False
Is 2677271 composite?
True
Is 138623 a prime number?
False
Is 7061 prime?
False
Is 5261 a prime number?
True
Is 788261 prime?
True
Is 11579 a prime number?
True
Is 5623 a composite number?
False
Is 5141 prime?
False
Is 10637 composite?
True
Is 1637 a composite number?
False
Is 7493 prime?
False
Is 479647 a composite number?
True
Is 6143 prime?
True
Is 646666 composite?
True
Is 94099 a prime number?
True
Is 33311 a composite number?
False
Is 5297 prime?
True
Is 43915 a composite number?
True
Is 94667 prime?
False
Is 54139 a prime number?
True
Is 5227 a prime number?
True
Is 120301 composite?
True
Is 32531 a composite number?
False
Is 160343 prime?
True
Is 20693 composite?
False
Is 106649 composite?
False
Is 37333 prime?
False
Is 6761 a prime number?
True
Is 5669 a prime number?
True
Is 26929 composite?
True
Is 7601 a composite number?
True
Is 397 prime?
True
Is 24937 a composite number?
True
Is 6761 composite?
False
Is 629 prime?
False
Is 323061 composite?
True
Is 37353 prime?
False
Is 10411 composite?
True
Is 42865 prime?
False
Is 260441 prime?
True
Is 29769 a prime number?
False
Is 18169 a prime number?
True
Is 153641 a composite number?
False
Is 15335 prime?
False
Is 79481 a composite number?
False
Is 416107 composite?
False
Is 269683 prime?
True
Is 81611 a composite number?
False
Is 150409 prime?
False
Is 396833 prime?
True
Is 30967 a composite number?
True
Is 9183 a prime number?
False
Is 1563 composite?
True
Is 4547 composite?
False
Is 62819 a composite number?
False
Is 52627 prime?
True
Is 977507 composite?
False
Is 45743 a prime number?
False
Is 650957 a composite number?
True
Is 10061 a prime number?
True
Is 2361 a composite number?
True
Is 3389 prime?
True
Is 1448557 prime?
False
Is 7283 composite?
False
Is 5167 prime?
True
Is 2240189 a prime number?
False
Is 1749071 a prime number?
True
Is 162362 prime?
False
Is 30823 composite?
True
Is 2887 a composite number?
False
Is 2789 composite?
False
Is 24263 a composite number?
True
Is 80687 prime?
True
Is 18479 a composite number?
True
Is 8501 prime?
True
Is 30865 a prime number?
False
Is 80719 composite?
True
Is 7781 composite?
True
Is 11677 composite?
False
Is 797873 a prime number?
False
Is 77773 composite?
False
Is 607481 a composite number?
True
Is 89039 a composite number?
True
Is 112327 composite?
False
Is 1289711 a prime number?
True
Is 243199 a composite number?
True
Is 287311 a composite number?
True
Is 105207 composite?
True
Is 89939 a prime number?
True
Is 54007 a prime number?
False
Is 492549 a composite number?
True
Is 3787 composite?
True
Is 16913 prime?
False
Is 7717 a composite number?
False
Is 76181 prime?
False
Is 3299 a composite number?
False
Is 7901 composite?
False
Is 1537 a prime number?
False
Is 83089 composite?
False
Is 30718 a composite number?
True
Is 186943 a composite number?
True
Is 1224033 composite?
True
Is 7753 a composite number?
False
Is 278387 a composite number?
False
Is 98369 a prime number?
True
Is 985 a composite number?
True
Is 465617 composite?
True
Is 4981 a composite number?
True
Is 74353 composite?
False
Is 4153 a prime number?
True
Is 436547 a prime number?
True
Is 132929 composite?
False
Is 186631 prime?
False
Is 108349 prime?
False
Is 3109343 composite?
False
Is 1014161 a prime number?
True
Is 479 a composite number?
False
Is 8039 a composite number?
False
Is 18743 a prime number?
True
Is 177533 composite?
False
Is 442109 composite?
False
Is 1192381 a composite number?
True
Is 971 a composite number?
False
Is 7493 a prime number?
False
Is 1117201 a prime number?
False
Is 6389 prime?
True
Is 58679 prime?
True
Is 5749 a prime number?
True
Is 2243 prime?
True
Is 2497327 prime?
False
Is 158693 prime?
False
Is 459821 a composite number?
True
Is 16457 a composite number?
True
Is 16319 composite?
False
Is 913893 composite?
True
Is 3671 composite?
False
Is 68291 composite?
True
Is 50537 a composite number?
True
Is 27149 a prime number?
False
Is 35193 a composite number?
True
Is 40879 prime?
True
Is 867641 prime?
True
Is 68597 a prime number?
True
Is 811231 a composite number?
False
Is 1597117 composite?
True
Is 152231 a prime number?
True
Is 381399 prime?
False
Is 1423 a composite number?
False
Is 22054 a composite number?
True
Is 6673 a prime number?
True
Is 246889 prime?
True
Is 67339 a prime number?
True
Is 24659 a composite number?
False
Is 121585 a composite number?
True
Is 15619 prime?
True
Is 14437 composite?
False
Is 40909 prime?
False
Is 53221 a composite number?
True
Is 600643 composite?
True
Is 36949 prime?
False
Is 38009 a prime number?
False
Is 60157 a prime number?
False
Is 14173 prime?
True
Is 219 a composite number?
True
Is 314537 a composite number?
True
Is 42193 composite?
False
Is 83 a composite number?
False
Is 15349 a composite number?
False
Is 22551 composite?
True
Is 8926 prime?
False
Is 811105 a composite number?
True
Is 29947 composite?
False
Is 64555 a composite number?
True
Is 128045 a composite number?
True
Is 804589 a composite number?
False
Is 22513 composite?
True
Is 3623 composite?
False
Is 85069 a composite number?
True
Is 14969 composite?
False
Is 6767 a composite number?
True
Is 24317 a prime number?
True
Is 71161 a composite number?
False
Is 308081 prime?
True
Is 232741 a prime number?
True
Is 24239 a composite number?
False
Is 251179 a composite number?
False
Is 1550635 composite?
True
Is 184957 composite?
False
Is 83209 composite?
True
Is 9005 a composite number?
True
Is 34495 prime?
False
Is 51355 composite?
True
Is 60178 a prime number?
False
Is 11794 composite?
True
Is 1145447 a composite number?
True
Is 126631 a prime number?
True
Is 119417 a composite number?
False
Is 4757 a composite number?
True
Is 618199 composite?
False
Is 8345 a composite number?
True
Is 1044763 prime?
False
Is 851 a composite number?
True
Is 33211 a prime number?
True
Is 22051 composite?
False
Is 10841 a composite number?
True
Is 463741 a prime number?
True
Is 60271 a prime number?
True
Is 1931 a prime number?
True
Is 33703 prime?
True
Is 2159555 composite?
True
Is 363533 composite?
False
Is 45377 composite?
False
Is 9091 a composite number?
False
Is 107131 composite?
True
Is 4861 composite?
False
Is 179897 composite?
False
Is 16127 a prime number?
True
Is 31169 prime?
False
Is 5935 prime?
False
Is 37619 a composite number?
False
Is 61687 a prime number?
True
Is 1691 composite?
True
Is 4395547 composite?
True
Is 21881 a prime number?
True
Is 34649 prime?
True
Is 8527 a composite number?
False
Is 5087 a prime number?
True
Is 48221 a composite number?
False
Is 232871 a prime number?
True
Is 3933527 a composite number?
True
Is 39551 a prime number?
True
Is 27179 a composite number?
False
Is 184901 a composite number?
False
Is 1523 a composite number?
False
Is 11801 composite?
False
Is 17231 composite?
False
Is 55691 a composite number?
False
Is 131107 a prime number?
False
Is 8153 a prime number?
False
Is 42663 a prime number?
False
Is 101627 composite?
False
Is 102859 a prime number?
True
Is 485701 a composite number?
False
Is 1107383 a composite number?
False
Is 2167 prime?
False
Is 5147 a composite number?
False
Is 32849 a prime number?
False
Is 230259 composite?
True
Is 710621 composite?
False
Is 21313 composite?
False
Is 9629 composite?
False
Is 863 a prime number?
True
Is 383413 a prime number?
False
Is 68353 composite?
True
Is 105295 a composite number?
True
Is 49853 a composite number?
False
Is 185273 a composite number?
True
Is 53849 composite?
False
Is 255371 a prime number?
True
Is 22373 prime?
False
Is 86455 prime?
False
Is 3879437 a prime number?
True
Is 18251 a composite number?
False
Is 1777 prime?
True
Is 109651 a composite number?
True
Is 662209 prime?
False
Is 448421 composite?
False
Is 4049 prime?
True
Is 233197 prime?
False
I